{"id":122,"date":"2014-09-09T22:56:16","date_gmt":"2014-09-09T20:56:16","guid":{"rendered":"http:\/\/www.maennerchor-oberneunforn.ch\/wordpress\/?page_id=122"},"modified":"2014-09-11T09:52:57","modified_gmt":"2014-09-11T07:52:57","slug":"willkommen","status":"publish","type":"page","link":"https:\/\/maennerchor-oberneunforn.ch\/?page_id=122","title":{"rendered":"Willkommen"},"content":{"rendered":"<p>Der M\u00e4nnerchor Oberneunforn wurde vor \u00fcber 130 Jahren im Jahre 1882 gegr\u00fcndet. Trotz des stolzen Alters, sind wir aber deshalb keine angestaubten alten M\u00e4nner aus dem vorletzten Jahrhundert, sondern eine altersdurchmischte, jung gebliebene Gruppe von engagierten S\u00e4ngern. Klar singen wir auch traditionelle oder eher schwierige und anspruchsvolle &#8222;Kost&#8220;. Klassische Lieder aus vergangenen Zeiten geh\u00f6ren zu einem M\u00e4nnerchor und sind ein wichtiger Bestandteil um Sch\u00f6nes zu bewahren und damit die verschiedenen Generationen zu verbinden. Diese Lieder k\u00f6nnen zeitweise sehr herausfordernd sein, die Freude ist aber um so gr\u00f6sser, wenn sich der Erfolg einstellt.<\/p>\n<p><a href=\"https:\/\/maennerchor-oberneunforn.ch\/wp-content\/uploads\/2014\/09\/DSC_0221_1680.jpg\"><img loading=\"lazy\" decoding=\"async\" class=\"alignnone size-medium wp-image-203\" style=\"float: right; margin-left: 12px; margin-bottom: 5px;\" src=\"https:\/\/maennerchor-oberneunforn.ch\/wp-content\/uploads\/2014\/09\/DSC_0221_1680-300x200.jpg\" alt=\"\" width=\"300\" height=\"200\" srcset=\"https:\/\/maennerchor-oberneunforn.ch\/wp-content\/uploads\/2014\/09\/DSC_0221_1680-300x200.jpg 300w, https:\/\/maennerchor-oberneunforn.ch\/wp-content\/uploads\/2014\/09\/DSC_0221_1680-1024x682.jpg 1024w, https:\/\/maennerchor-oberneunforn.ch\/wp-content\/uploads\/2014\/09\/DSC_0221_1680-272x182.jpg 272w, https:\/\/maennerchor-oberneunforn.ch\/wp-content\/uploads\/2014\/09\/DSC_0221_1680-400x266.jpg 400w, https:\/\/maennerchor-oberneunforn.ch\/wp-content\/uploads\/2014\/09\/DSC_0221_1680.jpg 1680w\" sizes=\"auto, (max-width: 300px) 100vw, 300px\" \/><\/a>Dass auch klassische Volkslieder\u00a0wie beispielsweise <a title=\"Amazing Grace\" href=\"http:\/\/www.google.ch\/url?sa=t&amp;rct=j&amp;q=&amp;esrc=s&amp;source=web&amp;cd=1&amp;cad=rja&amp;uact=8&amp;ved=0CCEQyCkwAA&amp;url=http%3A%2F%2Fwww.youtube.com%2Fwatch%3Fv%3DGYMLMj-SibU%26feature%3Dkp&amp;ei=mlK5U6-FI5SI7AbFzoGYDw&amp;usg=AFQjCNENx5gcLd7Gmn0wqIlAGHLrnse-WA&amp;bvm=bv.70138588,d.ZGU\" target=\"_blank\">Amazing Grace<\/a>\u00a0einen unverg\u00e4nglichen Reiz haben zeigt uns die Gesangsgruppe <a title=\"Il Divo\" href=\"http:\/\/de.wikipedia.org\/wiki\/Il_Divo\" target=\"_blank\">Il Divo<\/a>\u00a0wundersch\u00f6n&#8230;\u00a0OK, so weit sind wir noch nicht ganz, aber wir arbeiten daran \ud83d\ude09<\/p>\n<p><a href=\"https:\/\/maennerchor-oberneunforn.ch\/wp-content\/uploads\/2014\/09\/DSC_0274_1680.jpg\"><img loading=\"lazy\" decoding=\"async\" class=\"alignnone size-medium wp-image-204\" style=\"float: left; margin-right: 12px; margin-bottom: 5px;\" src=\"https:\/\/maennerchor-oberneunforn.ch\/wp-content\/uploads\/2014\/09\/DSC_0274_1680-200x300.jpg\" alt=\"\" width=\"200\" height=\"300\" srcset=\"https:\/\/maennerchor-oberneunforn.ch\/wp-content\/uploads\/2014\/09\/DSC_0274_1680-200x300.jpg 200w, https:\/\/maennerchor-oberneunforn.ch\/wp-content\/uploads\/2014\/09\/DSC_0274_1680-682x1024.jpg 682w, https:\/\/maennerchor-oberneunforn.ch\/wp-content\/uploads\/2014\/09\/DSC_0274_1680-400x600.jpg 400w, https:\/\/maennerchor-oberneunforn.ch\/wp-content\/uploads\/2014\/09\/DSC_0274_1680.jpg 1120w\" sizes=\"auto, (max-width: 200px) 100vw, 200px\" \/><\/a>Wir, die S\u00e4nger vom M\u00e4nnerchor Oberneunforn, m\u00f6chten jedoch nicht nur Traditionen bewahren, sondern gemeinsam die Freude an der Musik pflegen. Deshalb haben wir nat\u00fcrlich auch zahlreiche rockige Songs und mitreissende Gospels im Repertoire, den Blues im Herzen und den Swing im Blut.<\/p>\n<p>Singen soll Spass machen! Richtig &#8222;l\u00e4ssig&#8220; wird es aber dann, wenn ein Lied mit Elan in einem tollen Team gesungen wird. Das ben\u00f6tigt aber das volle Engagement jedes Einzelnen von uns. Erst recht, wenn einem die T\u00f6ne mal nicht so gelingen wollen&#8230;<\/p>\n<p>Auch wenn wir ein M\u00e4nnerchor sind, tragen wir nicht nur Lieder gemeinsam vor, sondern haben auch fetzige Songs f\u00fcr kleinere Gruppeneinlagen oder Soloauftritte in petto. Bei uns kannst Du Dich musikalisch voll entfalten. Spielst Du ein Instrument? Wir setzen regelm\u00e4ssig unterschiedliche Instrumente in unseren Chorproben und bei Anl\u00e4ssen ein.<\/p>\n<p>Und solltest Du mit einer Karriere in Hollywood lieb\u00e4ugeln, hast Du bei uns in der Theatergruppe die einmalige M\u00f6glichkeit Deine Talente zum Besten zu geben und vielleicht entdeckt zu werden&#8230;<\/p>\n","protected":false},"excerpt":{"rendered":"<p>Der M\u00e4nnerchor Oberneunforn wurde vor \u00fcber 130 Jahren im Jahre 1882 gegr\u00fcndet. Trotz des stolzen Alters, sind wir aber deshalb keine angestaubten alten M\u00e4nner aus dem vorletzten Jahrhundert, sondern eine altersdurchmischte, jung gebliebene Gruppe von engagierten S\u00e4ngern. Klar singen wir auch traditionelle oder eher schwierige und anspruchsvolle &#8222;Kost&#8220;. Klassische Lieder aus vergangenen Zeiten geh\u00f6ren zu [&hellip;]<\/p>\n","protected":false},"author":1,"featured_media":0,"parent":0,"menu_order":0,"comment_status":"open","ping_status":"open","template":"home-panels.php","meta":{"footnotes":""},"class_list":["post-122","page","type-page","status-publish","hentry","post"],"_links":{"self":[{"href":"https:\/\/maennerchor-oberneunforn.ch\/index.php?rest_route=\/wp\/v2\/pages\/122","targetHints":{"allow":["GET"]}}],"collection":[{"href":"https:\/\/maennerchor-oberneunforn.ch\/index.php?rest_route=\/wp\/v2\/pages"}],"about":[{"href":"https:\/\/maennerchor-oberneunforn.ch\/index.php?rest_route=\/wp\/v2\/types\/page"}],"author":[{"embeddable":true,"href":"https:\/\/maennerchor-oberneunforn.ch\/index.php?rest_route=\/wp\/v2\/users\/1"}],"replies":[{"embeddable":true,"href":"https:\/\/maennerchor-oberneunforn.ch\/index.php?rest_route=%2Fwp%2Fv2%2Fcomments&post=122"}],"version-history":[{"count":20,"href":"https:\/\/maennerchor-oberneunforn.ch\/index.php?rest_route=\/wp\/v2\/pages\/122\/revisions"}],"predecessor-version":[{"id":358,"href":"https:\/\/maennerchor-oberneunforn.ch\/index.php?rest_route=\/wp\/v2\/pages\/122\/revisions\/358"}],"wp:attachment":[{"href":"https:\/\/maennerchor-oberneunforn.ch\/index.php?rest_route=%2Fwp%2Fv2%2Fmedia&parent=122"}],"curies":[{"name":"wp","href":"https:\/\/api.w.org\/{rel}","templated":true}]}}

<p>Der Männerchor Oberneunforn wurde vor über 130 Jahren im Jahre 1882 gegründet. Trotz des stolzen Alters, sind wir aber deshalb keine angestaubten alten Männer aus dem vorletzten Jahrhundert, sondern eine altersdurchmischte, jung gebliebene Gruppe von engagierten Sängern. Klar singen wir auch traditionelle oder eher schwierige und anspruchsvolle &#8222;Kost&#8220;. Klassische Lieder aus vergangenen Zeiten gehören zu einem Männerchor und sind ein wichtiger Bestandteil um Schönes zu bewahren und damit die verschiedenen Generationen zu verbinden. Diese Lieder können zeitweise sehr herausfordernd sein, die Freude ist aber um so grösser, wenn sich der Erfolg einstellt.</p>
<p><a href="https://maennerchor-oberneunforn.ch/wp-content/uploads/2014/09/DSC_0221_1680.jpg"><img loading="lazy" decoding="async" class="alignnone size-medium wp-image-203" style="float: right; margin-left: 12px; margin-bottom: 5px;" src="https://maennerchor-oberneunforn.ch/wp-content/uploads/2014/09/DSC_0221_1680-300x200.jpg" alt="" width="300" height="200" srcset="https://maennerchor-oberneunforn.ch/wp-content/uploads/2014/09/DSC_0221_1680-300x200.jpg 300w, https://maennerchor-oberneunforn.ch/wp-content/uploads/2014/09/DSC_0221_1680-1024x682.jpg 1024w, https://maennerchor-oberneunforn.ch/wp-content/uploads/2014/09/DSC_0221_1680-272x182.jpg 272w, https://maennerchor-oberneunforn.ch/wp-content/uploads/2014/09/DSC_0221_1680-400x266.jpg 400w, https://maennerchor-oberneunforn.ch/wp-content/uploads/2014/09/DSC_0221_1680.jpg 1680w" sizes="auto, (max-width: 300px) 100vw, 300px" /></a>Dass auch klassische Volkslieder wie beispielsweise <a title="Amazing Grace" href="http://www.google.ch/url?sa=t&amp;rct=j&amp;q=&amp;esrc=s&amp;source=web&amp;cd=1&amp;cad=rja&amp;uact=8&amp;ved=0CCEQyCkwAA&amp;url=http%3A%2F%2Fwww.youtube.com%2Fwatch%3Fv%3DGYMLMj-SibU%26feature%3Dkp&amp;ei=mlK5U6-FI5SI7AbFzoGYDw&amp;usg=AFQjCNENx5gcLd7Gmn0wqIlAGHLrnse-WA&amp;bvm=bv.70138588,d.ZGU" target="_blank">Amazing Grace</a> einen unvergänglichen Reiz haben zeigt uns die Gesangsgruppe <a title="Il Divo" href="http://de.wikipedia.org/wiki/Il_Divo" target="_blank">Il Divo</a> wunderschön&#8230; OK, so weit sind wir noch nicht ganz, aber wir arbeiten daran 😉</p>
<p><a href="https://maennerchor-oberneunforn.ch/wp-content/uploads/2014/09/DSC_0274_1680.jpg"><img loading="lazy" decoding="async" class="alignnone size-medium wp-image-204" style="float: left; margin-right: 12px; margin-bottom: 5px;" src="https://maennerchor-oberneunforn.ch/wp-content/uploads/2014/09/DSC_0274_1680-200x300.jpg" alt="" width="200" height="300" srcset="https://maennerchor-oberneunforn.ch/wp-content/uploads/2014/09/DSC_0274_1680-200x300.jpg 200w, https://maennerchor-oberneunforn.ch/wp-content/uploads/2014/09/DSC_0274_1680-682x1024.jpg 682w, https://maennerchor-oberneunforn.ch/wp-content/uploads/2014/09/DSC_0274_1680-400x600.jpg 400w, https://maennerchor-oberneunforn.ch/wp-content/uploads/2014/09/DSC_0274_1680.jpg 1120w" sizes="auto, (max-width: 200px) 100vw, 200px" /></a>Wir, die Sänger vom Männerchor Oberneunforn, möchten jedoch nicht nur Traditionen bewahren, sondern gemeinsam die Freude an der Musik pflegen. Deshalb haben wir natürlich auch zahlreiche rockige Songs und mitreissende Gospels im Repertoire, den Blues im Herzen und den Swing im Blut.</p>
<p>Singen soll Spass machen! Richtig &#8222;lässig&#8220; wird es aber dann, wenn ein Lied mit Elan in einem tollen Team gesungen wird. Das benötigt aber das volle Engagement jedes Einzelnen von uns. Erst recht, wenn einem die Töne mal nicht so gelingen wollen&#8230;</p>
<p>Auch wenn wir ein Männerchor sind, tragen wir nicht nur Lieder gemeinsam vor, sondern haben auch fetzige Songs für kleinere Gruppeneinlagen oder Soloauftritte in petto. Bei uns kannst Du Dich musikalisch voll entfalten. Spielst Du ein Instrument? Wir setzen regelmässig unterschiedliche Instrumente in unseren Chorproben und bei Anlässen ein.</p>
<p>Und solltest Du mit einer Karriere in Hollywood liebäugeln, hast Du bei uns in der Theatergruppe die einmalige Möglichkeit Deine Talente zum Besten zu geben und vielleicht entdeckt zu werden&#8230;</p>

<p>Der Männerchor Oberneunforn wurde vor über 130 Jahren im Jahre 1882 gegründet. Trotz des stolzen Alters, sind wir aber deshalb keine angestaubten alten Männer aus dem vorletzten Jahrhundert, sondern eine altersdurchmischte, jung gebliebene Gruppe von engagierten Sängern. Klar singen wir auch traditionelle oder eher schwierige und anspruchsvolle &#8222;Kost&#8220;. Klassische Lieder aus vergangenen Zeiten gehören zu [&hellip;]</p>
