{"id":1420,"date":"2018-12-10T14:54:16","date_gmt":"2018-12-10T13:54:16","guid":{"rendered":"https:\/\/www.maennerchor-oberneunforn.ch\/?page_id=1420"},"modified":"2025-10-07T21:45:47","modified_gmt":"2025-10-07T19:45:47","slug":"home-2","status":"publish","type":"page","link":"https:\/\/maennerchor-oberneunforn.ch\/","title":{"rendered":"Home"},"content":{"rendered":"\n<p>Hallo, liebe Freunde, liebe Leser, sch\u00f6n, Euch auf dieser Seite zu haben und herzlich <strong>Willkommen.<\/strong><\/p>\n\n\n\n<p>****************************************************************<\/p>\n\n\n\n<figure class=\"wp-block-image size-large\"><a href=\"https:\/\/maennerchor-oberneunforn.ch\/wp-content\/uploads\/2025\/03\/10128-scaled.jpg\"><img loading=\"lazy\" decoding=\"async\" width=\"1024\" height=\"683\" src=\"https:\/\/maennerchor-oberneunforn.ch\/wp-content\/uploads\/2025\/03\/10128-1024x683.jpg\" alt=\"S\u00e4nger Chor 2024\" class=\"wp-image-1904\" srcset=\"https:\/\/maennerchor-oberneunforn.ch\/wp-content\/uploads\/2025\/03\/10128-1024x683.jpg 1024w, https:\/\/maennerchor-oberneunforn.ch\/wp-content\/uploads\/2025\/03\/10128-300x200.jpg 300w, https:\/\/maennerchor-oberneunforn.ch\/wp-content\/uploads\/2025\/03\/10128-768x512.jpg 768w, https:\/\/maennerchor-oberneunforn.ch\/wp-content\/uploads\/2025\/03\/10128-1536x1024.jpg 1536w, https:\/\/maennerchor-oberneunforn.ch\/wp-content\/uploads\/2025\/03\/10128-2048x1365.jpg 2048w, https:\/\/maennerchor-oberneunforn.ch\/wp-content\/uploads\/2025\/03\/10128-272x182.jpg 272w, https:\/\/maennerchor-oberneunforn.ch\/wp-content\/uploads\/2025\/03\/10128-400x267.jpg 400w\" sizes=\"auto, (max-width: 1024px) 100vw, 1024px\" \/><\/a><\/figure>\n\n\n\n<p class=\"has-luminous-vivid-amber-color has-text-color has-link-color has-large-font-size wp-elements-fa30a8d7f453df7d43ff694a833cb50a\" style=\"font-style:italic;font-weight:500\">8. November 2025 <\/p>\n\n\n\n<p class=\"has-luminous-vivid-amber-color has-text-color has-link-color has-large-font-size wp-elements-172869c1acda7b50a48b23975b247b2f\" style=\"font-style:italic;font-weight:500\">K\u00e4sefondue im Dorf<\/p>\n\n\n\n<p class=\"has-luminous-vivid-amber-color has-text-color has-link-color has-medium-font-size\">mit dem M\u00e4nnerchor Oberneunforn<\/p>\n\n\n\n<p class=\"has-medium-font-size\">Samstag, 8. Nov. 25 <\/p>\n\n\n\n<p>11.00 &#8211; 14.00 Uhr<\/p>\n\n\n\n<p>18.00 &#8211; 24.00 Uhr<\/p>\n\n\n\n<p class=\"has-medium-font-size\">im Gemeindehaus Oberneunforn<\/p>\n\n\n\n<p>F\u00fcr die Unterhaltung sorgen nat\u00fcrlich wir.<\/p>\n\n\n\n<p class=\"has-luminous-vivid-orange-color has-text-color has-link-color has-medium-font-size wp-elements-00f401b573d60260794c9aafe83adc8c\"><em><strong>Wir freuen uns auf euch!<\/strong><\/em><\/p>\n\n\n\n<p>****************************************************************<\/p>\n\n\n\n<p class=\"has-vivid-green-cyan-color has-text-color has-link-color has-medium-font-size wp-elements-63232df3280e38745d0b8c994500fa50\"><strong>Noch in eigener Sache f\u00fcr &#8222;frischen Wind&#8220; im M\u00c4NNERCHOR<\/strong><\/p>\n\n\n\n<p>Interessierte M\u00e4nner sind gebeten, sich jederzeit, oder &#8211; gerade jetzt,  sich bei uns zu melden. Wir suchen neue Mitglieder, die mit uns den Dirigenten, ein Profimusiker, jeweils in Aktion erleben m\u00f6chten.<br>Schreibt doch ein &#8222;Interesse e-mail&#8220; an unseren Pr\u00e4sidenten, dann wird er sich bei euch melden.<\/p>\n\n\n\n<p>Also Jungs, haut in die Tasten oder greift gleich zum Telefon s.o. um dann bei der ersten Gelegenheit vorbei zu kommen!<\/p>\n\n\n\n<p>Kontakt e-mail: roethlisberger55@gmx.ch<\/p>\n","protected":false},"excerpt":{"rendered":"<p>Hallo, liebe Freunde, liebe Leser, sch\u00f6n, Euch auf dieser Seite zu haben und herzlich Willkommen. **************************************************************** 8. November 2025 K\u00e4sefondue im Dorf mit dem M\u00e4nnerchor Oberneunforn Samstag, 8. Nov. 25 11.00 &#8211; 14.00 Uhr 18.00 &#8211; 24.00 Uhr im Gemeindehaus Oberneunforn F\u00fcr die Unterhaltung sorgen nat\u00fcrlich wir. Wir freuen uns auf euch! **************************************************************** Noch in [&hellip;]<\/p>\n","protected":false},"author":7,"featured_media":1904,"parent":0,"menu_order":0,"comment_status":"closed","ping_status":"closed","template":"home-panels.php","meta":{"footnotes":""},"class_list":["post-1420","page","type-page","status-publish","has-post-thumbnail","hentry","post","post-with-thumbnail","post-with-thumbnail-large"],"_links":{"self":[{"href":"https:\/\/maennerchor-oberneunforn.ch\/index.php?rest_route=\/wp\/v2\/pages\/1420","targetHints":{"allow":["GET"]}}],"collection":[{"href":"https:\/\/maennerchor-oberneunforn.ch\/index.php?rest_route=\/wp\/v2\/pages"}],"about":[{"href":"https:\/\/maennerchor-oberneunforn.ch\/index.php?rest_route=\/wp\/v2\/types\/page"}],"author":[{"embeddable":true,"href":"https:\/\/maennerchor-oberneunforn.ch\/index.php?rest_route=\/wp\/v2\/users\/7"}],"replies":[{"embeddable":true,"href":"https:\/\/maennerchor-oberneunforn.ch\/index.php?rest_route=%2Fwp%2Fv2%2Fcomments&post=1420"}],"version-history":[{"count":30,"href":"https:\/\/maennerchor-oberneunforn.ch\/index.php?rest_route=\/wp\/v2\/pages\/1420\/revisions"}],"predecessor-version":[{"id":1939,"href":"https:\/\/maennerchor-oberneunforn.ch\/index.php?rest_route=\/wp\/v2\/pages\/1420\/revisions\/1939"}],"wp:featuredmedia":[{"embeddable":true,"href":"https:\/\/maennerchor-oberneunforn.ch\/index.php?rest_route=\/wp\/v2\/media\/1904"}],"wp:attachment":[{"href":"https:\/\/maennerchor-oberneunforn.ch\/index.php?rest_route=%2Fwp%2Fv2%2Fmedia&parent=1420"}],"curies":[{"name":"wp","href":"https:\/\/api.w.org\/{rel}","templated":true}]}}