{"id":83,"date":"2014-09-09T18:10:39","date_gmt":"2014-09-09T16:10:39","guid":{"rendered":"http:\/\/www.maennerchor-oberneunforn.ch\/wordpress\/?page_id=83"},"modified":"2025-03-18T21:16:17","modified_gmt":"2025-03-18T20:16:17","slug":"mitgliedschaft","status":"publish","type":"page","link":"https:\/\/maennerchor-oberneunforn.ch\/?page_id=83","title":{"rendered":"Mitgliedschaft"},"content":{"rendered":"<p><em>&#8222;Ach Du meine G\u00fcte, ich und singen!&#8220;<\/em> oder <em>&#8222;Das wollt Ihr Euch nicht wirklich antun, ich kann nicht singen!&#8220;<\/em> sind Antworten, die wir oft h\u00f6ren, wenn wir jemanden fragen, ob er nicht Lust h\u00e4tte, im M\u00e4nnerchor Oberneunforn mitzumachen. Viele unserer Mitglieder haben, als sie gefragt wurden, eine dieser Antworten oder eine \u00e4hnliche gegeben. Jeder kann singen! Es gibt aber auch andere gute Beweggr\u00fcnde, bei uns mitzumachen:<br \/>\n<a href=\"https:\/\/maennerchor-oberneunforn.ch\/wp-content\/uploads\/2014\/09\/DSC_0110_1680.jpg\"><img loading=\"lazy\" decoding=\"async\" class=\"alignnone size-medium wp-image-197\" style=\"float: right; margin-left: 12px; margin-bottom: 5px;\" src=\"https:\/\/maennerchor-oberneunforn.ch\/wp-content\/uploads\/2014\/09\/DSC_0110_1680-300x200.jpg\" alt=\"\" width=\"300\" height=\"200\" srcset=\"https:\/\/maennerchor-oberneunforn.ch\/wp-content\/uploads\/2014\/09\/DSC_0110_1680-300x200.jpg 300w, https:\/\/maennerchor-oberneunforn.ch\/wp-content\/uploads\/2014\/09\/DSC_0110_1680-1024x682.jpg 1024w, https:\/\/maennerchor-oberneunforn.ch\/wp-content\/uploads\/2014\/09\/DSC_0110_1680-272x182.jpg 272w, https:\/\/maennerchor-oberneunforn.ch\/wp-content\/uploads\/2014\/09\/DSC_0110_1680-400x266.jpg 400w, https:\/\/maennerchor-oberneunforn.ch\/wp-content\/uploads\/2014\/09\/DSC_0110_1680.jpg 1680w\" sizes=\"auto, (max-width: 300px) 100vw, 300px\" \/><\/a><\/p>\n<ol>\n<li>H\u00f6rst Du gerne Klassik, Pop, Rock &amp; Roll, Country, Gospel oder Mundart?<\/li>\n<li>Klopfst Du zeitweise den Rhythmus eines Liedes, das Dir gef\u00e4llt?<\/li>\n<li>Gibt es Lieder, welche Dir \u201enachlaufen\u201c und die Du vor dich hinsummst?<\/li>\n<li>Singst Du manchmal in der Badewanne oder unter der Dusche?<\/li>\n<li>Wusstest Du, dass 90 Minuten Singen fast gleich viele Kalorien wie 30 Minuten Joggen verbraucht?<\/li>\n<li>M\u00f6chtest Du ges\u00fcnder leben? Singen ist gesundheitsf\u00f6rdernd und wirkt anregend auf Herz und Kreislauf.<\/li>\n<li>F\u00e4llt es Dir zeitweise schwer nach der Arbeit abzuschalten oder stehst Du oftmals unter Stress? Beim Singen werden Gl\u00fcckshormone ausgesch\u00fcttet und gleichzeitig Stress abgebaut.<\/li>\n<li>Hast Du gewusst, dass beim Singen neue Gehirnzellen gebildet werden?<\/li>\n<li>Hast Du schon einmal davon getr\u00e4umt auf einer B\u00fchne zu stehen und den Applaus eines begeisterten Publikums zu geniessen?<\/li>\n<\/ol>\n<p><a href=\"https:\/\/maennerchor-oberneunforn.ch\/wp-content\/uploads\/2014\/09\/DSC_0266_1680.jpg\"><img loading=\"lazy\" decoding=\"async\" class=\"alignnone size-medium wp-image-198\" style=\"float: left; margin-right: 12px; margin-bottom: 5px;\" src=\"https:\/\/maennerchor-oberneunforn.ch\/wp-content\/uploads\/2014\/09\/DSC_0266_1680-200x300.jpg\" alt=\"\" width=\"200\" height=\"300\" srcset=\"https:\/\/maennerchor-oberneunforn.ch\/wp-content\/uploads\/2014\/09\/DSC_0266_1680-200x300.jpg 200w, https:\/\/maennerchor-oberneunforn.ch\/wp-content\/uploads\/2014\/09\/DSC_0266_1680-682x1024.jpg 682w, https:\/\/maennerchor-oberneunforn.ch\/wp-content\/uploads\/2014\/09\/DSC_0266_1680-400x600.jpg 400w, https:\/\/maennerchor-oberneunforn.ch\/wp-content\/uploads\/2014\/09\/DSC_0266_1680.jpg 1120w\" sizes=\"auto, (max-width: 200px) 100vw, 200px\" \/><\/a>F\u00fcr eine Mitgliedschaft im M\u00e4nnerchor Oberneunforn sind keine Vorkenntnisse n\u00f6tig, eine Altersgrenze nach unten oder oben gibt es nicht. Du musst auch nicht zuerst vorsingen oder sonstige \u00dcbungen absolvieren, um bei uns mitzumachen.<\/p>\n<p>Das Singen lernt man am Besten beim Singen in einer l\u00e4ssigen und kameradschaftlichen Atmosph\u00e4re. Also nur keine Hemmungen und nimm einfach Kontakt mit uns auf, um unverbindlich an einer Chorprobe teilzunehmen.<\/p>\n<p>Unsere Chorproben finden jeweils am <strong>Montag, 20:00 &#8211; 21:30 Uhr im Mehrzwecksaal der Gemeindeverwaltung in Oberneunforn<\/strong> statt. Wer Lust und Zeit hat geht anschliessend in ein Restaurant zwecks Besprechung politischer Themen und weiterer Unwahrheiten.<\/p>\n<p>Interessiert, mal bei uns hereinzuschauen? Dann nimm doch einfach Kontakt mit einem Mitglied unseres <a title=\"Vorstand\" href=\"https:\/\/maennerchor-oberneunforn.ch\/?page_id=35\">Vorstandes<\/a> auf. Oder f\u00fclle das <a href=\"https:\/\/maennerchor-oberneunforn.ch\/?page_id=1920\">Anmeldeformular<\/a> aus.<\/p>\n<p>Die Brosch\u00fcre <strong>&#8222;Ich kann nicht singen!&#8220;<\/strong> kann auch\u00a0<a title=\"&quot;Ich kann nicht singen!&quot;\" href=\"https:\/\/maennerchor-oberneunforn.ch\/download\/Mitgliedschaft\/Ich_kann_nicht_singen!.pdf\" target=\"_blank\" rel=\"noopener\">hier<\/a>\u00a0heruntergeladen werden.<\/p>\n","protected":false},"excerpt":{"rendered":"<p>&#8222;Ach Du meine G\u00fcte, ich und singen!&#8220; oder &#8222;Das wollt Ihr Euch nicht wirklich antun, ich kann nicht singen!&#8220; sind Antworten, die wir oft h\u00f6ren, wenn wir jemanden fragen, ob er nicht Lust h\u00e4tte, im M\u00e4nnerchor Oberneunforn mitzumachen. Viele unserer Mitglieder haben, als sie gefragt wurden, eine dieser Antworten oder eine \u00e4hnliche gegeben. Jeder kann [&hellip;]<\/p>\n","protected":false},"author":1,"featured_media":0,"parent":0,"menu_order":0,"comment_status":"open","ping_status":"open","template":"home-panels.php","meta":{"footnotes":""},"class_list":["post-83","page","type-page","status-publish","hentry","post"],"_links":{"self":[{"href":"https:\/\/maennerchor-oberneunforn.ch\/index.php?rest_route=\/wp\/v2\/pages\/83","targetHints":{"allow":["GET"]}}],"collection":[{"href":"https:\/\/maennerchor-oberneunforn.ch\/index.php?rest_route=\/wp\/v2\/pages"}],"about":[{"href":"https:\/\/maennerchor-oberneunforn.ch\/index.php?rest_route=\/wp\/v2\/types\/page"}],"author":[{"embeddable":true,"href":"https:\/\/maennerchor-oberneunforn.ch\/index.php?rest_route=\/wp\/v2\/users\/1"}],"replies":[{"embeddable":true,"href":"https:\/\/maennerchor-oberneunforn.ch\/index.php?rest_route=%2Fwp%2Fv2%2Fcomments&post=83"}],"version-history":[{"count":32,"href":"https:\/\/maennerchor-oberneunforn.ch\/index.php?rest_route=\/wp\/v2\/pages\/83\/revisions"}],"predecessor-version":[{"id":1927,"href":"https:\/\/maennerchor-oberneunforn.ch\/index.php?rest_route=\/wp\/v2\/pages\/83\/revisions\/1927"}],"wp:attachment":[{"href":"https:\/\/maennerchor-oberneunforn.ch\/index.php?rest_route=%2Fwp%2Fv2%2Fmedia&parent=83"}],"curies":[{"name":"wp","href":"https:\/\/api.w.org\/{rel}","templated":true}]}}

<p><em>&#8222;Ach Du meine Güte, ich und singen!&#8220;</em> oder <em>&#8222;Das wollt Ihr Euch nicht wirklich antun, ich kann nicht singen!&#8220;</em> sind Antworten, die wir oft hören, wenn wir jemanden fragen, ob er nicht Lust hätte, im Männerchor Oberneunforn mitzumachen. Viele unserer Mitglieder haben, als sie gefragt wurden, eine dieser Antworten oder eine ähnliche gegeben. Jeder kann singen! Es gibt aber auch andere gute Beweggründe, bei uns mitzumachen:<br />
<a href="https://maennerchor-oberneunforn.ch/wp-content/uploads/2014/09/DSC_0110_1680.jpg"><img loading="lazy" decoding="async" class="alignnone size-medium wp-image-197" style="float: right; margin-left: 12px; margin-bottom: 5px;" src="https://maennerchor-oberneunforn.ch/wp-content/uploads/2014/09/DSC_0110_1680-300x200.jpg" alt="" width="300" height="200" srcset="https://maennerchor-oberneunforn.ch/wp-content/uploads/2014/09/DSC_0110_1680-300x200.jpg 300w, https://maennerchor-oberneunforn.ch/wp-content/uploads/2014/09/DSC_0110_1680-1024x682.jpg 1024w, https://maennerchor-oberneunforn.ch/wp-content/uploads/2014/09/DSC_0110_1680-272x182.jpg 272w, https://maennerchor-oberneunforn.ch/wp-content/uploads/2014/09/DSC_0110_1680-400x266.jpg 400w, https://maennerchor-oberneunforn.ch/wp-content/uploads/2014/09/DSC_0110_1680.jpg 1680w" sizes="auto, (max-width: 300px) 100vw, 300px" /></a></p>
<ol>
<li>Hörst Du gerne Klassik, Pop, Rock &amp; Roll, Country, Gospel oder Mundart?</li>
<li>Klopfst Du zeitweise den Rhythmus eines Liedes, das Dir gefällt?</li>
<li>Gibt es Lieder, welche Dir „nachlaufen“ und die Du vor dich hinsummst?</li>
<li>Singst Du manchmal in der Badewanne oder unter der Dusche?</li>
<li>Wusstest Du, dass 90 Minuten Singen fast gleich viele Kalorien wie 30 Minuten Joggen verbraucht?</li>
<li>Möchtest Du gesünder leben? Singen ist gesundheitsfördernd und wirkt anregend auf Herz und Kreislauf.</li>
<li>Fällt es Dir zeitweise schwer nach der Arbeit abzuschalten oder stehst Du oftmals unter Stress? Beim Singen werden Glückshormone ausgeschüttet und gleichzeitig Stress abgebaut.</li>
<li>Hast Du gewusst, dass beim Singen neue Gehirnzellen gebildet werden?</li>
<li>Hast Du schon einmal davon geträumt auf einer Bühne zu stehen und den Applaus eines begeisterten Publikums zu geniessen?</li>
</ol>
<p><a href="https://maennerchor-oberneunforn.ch/wp-content/uploads/2014/09/DSC_0266_1680.jpg"><img loading="lazy" decoding="async" class="alignnone size-medium wp-image-198" style="float: left; margin-right: 12px; margin-bottom: 5px;" src="https://maennerchor-oberneunforn.ch/wp-content/uploads/2014/09/DSC_0266_1680-200x300.jpg" alt="" width="200" height="300" srcset="https://maennerchor-oberneunforn.ch/wp-content/uploads/2014/09/DSC_0266_1680-200x300.jpg 200w, https://maennerchor-oberneunforn.ch/wp-content/uploads/2014/09/DSC_0266_1680-682x1024.jpg 682w, https://maennerchor-oberneunforn.ch/wp-content/uploads/2014/09/DSC_0266_1680-400x600.jpg 400w, https://maennerchor-oberneunforn.ch/wp-content/uploads/2014/09/DSC_0266_1680.jpg 1120w" sizes="auto, (max-width: 200px) 100vw, 200px" /></a>Für eine Mitgliedschaft im Männerchor Oberneunforn sind keine Vorkenntnisse nötig, eine Altersgrenze nach unten oder oben gibt es nicht. Du musst auch nicht zuerst vorsingen oder sonstige Übungen absolvieren, um bei uns mitzumachen.</p>
<p>Das Singen lernt man am Besten beim Singen in einer lässigen und kameradschaftlichen Atmosphäre. Also nur keine Hemmungen und nimm einfach Kontakt mit uns auf, um unverbindlich an einer Chorprobe teilzunehmen.</p>
<p>Unsere Chorproben finden jeweils am <strong>Montag, 20:00 &#8211; 21:30 Uhr im Mehrzwecksaal der Gemeindeverwaltung in Oberneunforn</strong> statt. Wer Lust und Zeit hat geht anschliessend in ein Restaurant zwecks Besprechung politischer Themen und weiterer Unwahrheiten.</p>
<p>Interessiert, mal bei uns hereinzuschauen? Dann nimm doch einfach Kontakt mit einem Mitglied unseres <a title="Vorstand" href="https://maennerchor-oberneunforn.ch/?page_id=35">Vorstandes</a> auf. Oder fülle das <a href="https://maennerchor-oberneunforn.ch/?page_id=1920">Anmeldeformular</a> aus.</p>
<p>Die Broschüre <strong>&#8222;Ich kann nicht singen!&#8220;</strong> kann auch <a title="&quot;Ich kann nicht singen!&quot;" href="https://maennerchor-oberneunforn.ch/download/Mitgliedschaft/Ich_kann_nicht_singen!.pdf" target="_blank" rel="noopener">hier</a> heruntergeladen werden.</p>

<p>&#8222;Ach Du meine Güte, ich und singen!&#8220; oder &#8222;Das wollt Ihr Euch nicht wirklich antun, ich kann nicht singen!&#8220; sind Antworten, die wir oft hören, wenn wir jemanden fragen, ob er nicht Lust hätte, im Männerchor Oberneunforn mitzumachen. Viele unserer Mitglieder haben, als sie gefragt wurden, eine dieser Antworten oder eine ähnliche gegeben. Jeder kann [&hellip;]</p>
