{"id":835,"date":"2016-12-07T10:49:55","date_gmt":"2016-12-07T09:49:55","guid":{"rendered":"https:\/\/www.maennerchor-oberneunforn.ch\/?page_id=835"},"modified":"2025-10-07T22:36:38","modified_gmt":"2025-10-07T20:36:38","slug":"nuefermer-saengerfest","status":"publish","type":"page","link":"https:\/\/maennerchor-oberneunforn.ch\/?page_id=835","title":{"rendered":""},"content":{"rendered":"\n<h1 class=\"wp-block-heading\">\ud83e\uded5 K\u00e4sefondue im Dorf<\/h1>\n\n\n\n<div class=\"container\">\n<div class=\"wood-frame\">\n<div class=\"parchment\">\n<div class=\"header\">\n<h1 class=\"title\">mit dem M\u00e4nnerchor \u266a \u266b \u266a \u266b<\/h1>\n<p>&nbsp;<\/p>\n<\/div>\n<div class=\"content-grid\">\n<div class=\"fondue-section\">\n<div class=\"event-details\">\n<h2 class=\"detail-item\"><span class=\"detail-icon\">\ud83d\udcc5 &nbsp; <\/span>Samstag, 8. November 2025<\/h2>\n<div>&nbsp;<\/div>\n<h3 class=\"detail-item\"><span class=\"detail-icon\">\ud83d\udd50 &nbsp;<\/span>11:00 &#8211; 14:00 Uhr<\/h3>\n<h3 class=\"detail-item\"><span class=\"detail-icon\">\ud83c\udf19<\/span>&nbsp;18:00 &#8211; 24:00 Uhr<\/h3>\n<div>&nbsp;<\/div>\n<div class=\"detail-item\"><span class=\"detail-icon\">\ud83d\udccd <\/span> <h3> Gemeindehaus Oberneunforn<\/h3><\/div>\n<\/div>\n<div>&nbsp;<\/div>\n<div>&nbsp;<\/div>\n<div class=\"alpine-decoration\">\ud83c\udfd4\ufe0f \u2b50 \ud83c\udfd4\ufe0f<\/div>\n<h3 style=\"color: #feca57; margin-bottom: 15px; font-weight: 600;\">Gemeinsam Genie\u00dfen<\/h3>\n<p>Cremiges K\u00e4sefondue aus regionalen K\u00e4sesorten, frisches Brot und gem\u00fctliche Atmosph\u00e4re<\/p>\n<\/div>\n<div class=\"choir-section\">\n<div class=\"choir-icon\">\ud83c\udfb5\ud83d\udc65\ud83c\udfb5<\/div>\n<h3 style=\"color: #48dbfb; \">Singen &amp; Feiern<\/h3>\n<p>Traditionelle Lieder und fr\u00f6hliche Ges\u00e4nge begleiten unser gemeinschaftliches Fondue-Erlebnis.<\/p>\n<\/div>\n<\/div>\n<div style=\"text-align: center; margin-top: 30px; padding: 20px;\">\n<h3 style=\"color: #a8dadc; \">Einfach vorbeikommen!<\/h3>\n<h4 >Keine Anmeldung erforderlich &#8211; wir freuen uns auf euch! \ud83c\udfb5<\/h4>\n<\/div>\n<\/div>\n<\/div>\n<\/div>\n\n\n\n<p><\/p>\n","protected":false},"excerpt":{"rendered":"<p>\ud83e\uded5 K\u00e4sefondue im Dorf mit dem M\u00e4nnerchor \u266a \u266b \u266a \u266b &nbsp; \ud83d\udcc5 &nbsp; Samstag, 8. November 2025 &nbsp; \ud83d\udd50 &nbsp;11:00 &#8211; 14:00 Uhr \ud83c\udf19&nbsp;18:00 &#8211; 24:00 Uhr &nbsp; \ud83d\udccd Gemeindehaus Oberneunforn &nbsp; &nbsp; \ud83c\udfd4\ufe0f \u2b50 \ud83c\udfd4\ufe0f Gemeinsam Genie\u00dfen Cremiges K\u00e4sefondue aus regionalen K\u00e4sesorten, frisches Brot und gem\u00fctliche Atmosph\u00e4re \ud83c\udfb5\ud83d\udc65\ud83c\udfb5 Singen &amp; Feiern Traditionelle Lieder [&hellip;]<\/p>\n","protected":false},"author":4,"featured_media":0,"parent":0,"menu_order":0,"comment_status":"closed","ping_status":"closed","template":"","meta":{"footnotes":""},"class_list":["post-835","page","type-page","status-publish","hentry","post"],"_links":{"self":[{"href":"https:\/\/maennerchor-oberneunforn.ch\/index.php?rest_route=\/wp\/v2\/pages\/835","targetHints":{"allow":["GET"]}}],"collection":[{"href":"https:\/\/maennerchor-oberneunforn.ch\/index.php?rest_route=\/wp\/v2\/pages"}],"about":[{"href":"https:\/\/maennerchor-oberneunforn.ch\/index.php?rest_route=\/wp\/v2\/types\/page"}],"author":[{"embeddable":true,"href":"https:\/\/maennerchor-oberneunforn.ch\/index.php?rest_route=\/wp\/v2\/users\/4"}],"replies":[{"embeddable":true,"href":"https:\/\/maennerchor-oberneunforn.ch\/index.php?rest_route=%2Fwp%2Fv2%2Fcomments&post=835"}],"version-history":[{"count":28,"href":"https:\/\/maennerchor-oberneunforn.ch\/index.php?rest_route=\/wp\/v2\/pages\/835\/revisions"}],"predecessor-version":[{"id":1965,"href":"https:\/\/maennerchor-oberneunforn.ch\/index.php?rest_route=\/wp\/v2\/pages\/835\/revisions\/1965"}],"wp:attachment":[{"href":"https:\/\/maennerchor-oberneunforn.ch\/index.php?rest_route=%2Fwp%2Fv2%2Fmedia&parent=835"}],"curies":[{"name":"wp","href":"https:\/\/api.w.org\/{rel}","templated":true}]}}